{"id":412,"date":"2025-02-11T03:58:54","date_gmt":"2025-02-11T03:58:54","guid":{"rendered":"https:\/\/www.claudiazila.com\/?page_id=412"},"modified":"2025-03-05T15:54:14","modified_gmt":"2025-03-05T15:54:14","slug":"una-vida-con-bmw","status":"publish","type":"page","link":"https:\/\/www.claudiazila.com\/index.php\/una-vida-con-bmw\/","title":{"rendered":"UNA VIDA CON BMW"},"content":{"rendered":"\n[et_pb_section fb_built=\u00bb1&#8243; admin_label=\u00bbHeader\u00bb _builder_version=\u00bb4.27.4&#8243; _module_preset=\u00bbdefault\u00bb background_color=\u00bbgcid-695690f7-1400-435d-ab5d-81e5d8a43692&#8243; background_image=\u00bbhttps:\/\/www.claudiazila.com\/wp-content\/uploads\/2025\/02\/Diseno-sin-titulo-8.png\u00bb custom_padding=\u00bb8%||8%||true|false\u00bb locked=\u00bboff\u00bb collapsed=\u00bbon\u00bb global_colors_info=\u00bb{%22gcid-695690f7-1400-435d-ab5d-81e5d8a43692%22:%91%22background_color%22%93}\u00bb][et_pb_row _builder_version=\u00bb4.25.1&#8243; _module_preset=\u00bbdefault\u00bb global_colors_info=\u00bb{}\u00bb][et_pb_column type=\u00bb4_4&#8243; _builder_version=\u00bb4.25.1&#8243; _module_preset=\u00bbdefault\u00bb background_color=\u00bb#FFFFFF\u00bb z_index=\u00bb10&#8243; custom_padding=\u00bb60px|60px|60px|60px|true|true\u00bb custom_padding_tablet=\u00bb30px|30px|30px|30px|true|true\u00bb custom_padding_phone=\u00bb20px|20px|20px|20px|true|true\u00bb custom_padding_last_edited=\u00bbon|desktop\u00bb global_colors_info=\u00bb{}\u00bb][et_pb_heading title=\u00bbAUTOS\u00bb url=\u00bb@ET-DC@eyJkeW5hbWljIjp0cnVlLCJjb250ZW50IjoicG9zdF9saW5rX3VybF9wYWdlIiwic2V0dGluZ3MiOnsicG9zdF9pZCI6IjIzMiJ9fQ==@\u00bb url_new_window=\u00bbon\u00bb _builder_version=\u00bb4.27.4&#8243; _dynamic_attributes=\u00bburl\u00bb _module_preset=\u00bb988f26b9-e3bc-4b72-998d-62302aafdfe0&#8243; title_text_color=\u00bbgcid-672c49ec-b8cc-4f22-a785-dec4ee1498c5&#8243; locked=\u00bboff\u00bb global_colors_info=\u00bb{%22gcid-672c49ec-b8cc-4f22-a785-dec4ee1498c5%22:%91%22title_text_color%22%93}\u00bb][\/et_pb_heading][et_pb_heading title=\u00bbUNA VIDA CON BMW\u00bb _builder_version=\u00bb4.27.4&#8243; _module_preset=\u00bb8b48fb7e-32d6-465a-ab6a-87538627c8d5&#8243; global_colors_info=\u00bb{}\u00bb][\/et_pb_heading][\/et_pb_column][\/et_pb_row][\/et_pb_section][et_pb_section fb_built=\u00bb1&#8243; _builder_version=\u00bb4.27.4&#8243; _module_preset=\u00bbdefault\u00bb custom_padding=\u00bb4px|||||\u00bb global_colors_info=\u00bb{}\u00bb][et_pb_row _builder_version=\u00bb4.27.4&#8243; _module_preset=\u00bbdefault\u00bb custom_padding=\u00bb14px|||||\u00bb global_colors_info=\u00bb{}\u00bb][et_pb_column type=\u00bb4_4&#8243; _builder_version=\u00bb4.27.4&#8243; _module_preset=\u00bbdefault\u00bb global_colors_info=\u00bb{}\u00bb][et_pb_text _builder_version=\u00bb4.27.4&#8243; _module_preset=\u00bbdefault\u00bb text_font=\u00bbAboreto||||||||\u00bb text_text_color=\u00bb#b25d2b\u00bb text_font_size=\u00bb39px\u00bb text_line_height=\u00bb1.1em\u00bb hover_enabled=\u00bb0&#8243; global_colors_info=\u00bb{}\u00bb sticky_enabled=\u00bb0&#8243;]<p style=\"text-align: center;\"><strong>\u00abA mi me hicieron en un auto, nac\u00ed en un auto y crec\u00ed con autos.\u00bb<\/strong><\/p>[\/et_pb_text][\/et_pb_column][\/et_pb_row][\/et_pb_section][et_pb_section fb_built=\u00bb1&#8243; admin_label=\u00bbServices\u00bb _builder_version=\u00bb4.25.1&#8243; _module_preset=\u00bbdefault\u00bb background_color=\u00bbgcid-695690f7-1400-435d-ab5d-81e5d8a43692&#8243; custom_margin=\u00bb-68px|||||\u00bb collapsed=\u00bbon\u00bb global_colors_info=\u00bb{%22gcid-695690f7-1400-435d-ab5d-81e5d8a43692%22:%91%22background_color%22%93}\u00bb][et_pb_row _builder_version=\u00bb4.25.1&#8243; _module_preset=\u00bbdefault\u00bb locked=\u00bboff\u00bb global_colors_info=\u00bb{}\u00bb][et_pb_column type=\u00bb4_4&#8243; _builder_version=\u00bb4.25.1&#8243; _module_preset=\u00bbdefault\u00bb global_colors_info=\u00bb{}\u00bb][et_pb_image src=\u00bbhttps:\/\/www.claudiazila.com\/wp-content\/uploads\/2025\/01\/1738022429882.jpeg\u00bb title_text=\u00bb1738022429882&#8243; _builder_version=\u00bb4.27.4&#8243; _module_preset=\u00bbdefault\u00bb global_colors_info=\u00bb{}\u00bb][\/et_pb_image][et_pb_text _builder_version=\u00bb4.27.4&#8243; _module_preset=\u00bbd3e47a3d-8dd3-4c3e-b3ff-c7263f290dab\u00bb text_font_size=\u00bb16px\u00bb text_orientation=\u00bbcenter\u00bb locked=\u00bboff\u00bb global_colors_info=\u00bb{}\u00bb]<p style=\"text-align: justify;\">Podr\u00eda comenzar este viaje, cont\u00e1ndoles de las caracteristicas del nuevo BMW X1 XDRIVE25E XLINE pero no lo har\u00e9. Lo que quiero es que sientan a trav\u00e9s de estas palabras la sensaci\u00f3n que es conducir este SUV.<\/p>\n<p style=\"text-align: justify;\">Ese d\u00eda estaba emocionada, porque la persona encargada de las relaciones de\u00a0 la marca con los medios de comunicaci\u00f3n, me llam\u00f3 para contarme que apoyar\u00edan mi proyecto de hablarle a los hombres, y basta que una sola persona crea en tus proyectos para darle un impulso m\u00e1s a la acci\u00f3n para concretar tus sue\u00f1os.<\/p>\n<p style=\"text-align: justify;\">Quer\u00eda comenzar este viaje de comunicaci\u00f3n con una marca que toda la vida me acompa\u00f1\u00f3, pues estuvo durante todas las etapas de mi historia, sobre todo en ese cap\u00edtulo donde compart\u00ed con mi padre, y el fue en gran medida\u00a0 gestor de este proyecto de inspirarlos a ustedes.<\/p>\n<p style=\"text-align: justify;\">Siempre digo que a mi me hicieron en un auto, nac\u00ed en un auto y crec\u00ed con autos, por eso en mi infancia, conducir un BMW era un sue\u00f1o y creo que a varios de ustedes les pasaba cuando ve\u00edan pasar ese auto hermoso, que incluso a los ojos de un ni\u00f1o era algo especial.<\/p>[\/et_pb_text][et_pb_image src=\u00bbhttps:\/\/www.claudiazila.com\/wp-content\/uploads\/2025\/02\/1738022439082.jpeg\u00bb alt=\u00bbFoto en casco hist\u00f3rico de Santiago de Chile\u00bb title_text=\u00bb1738022439082&#8243; _builder_version=\u00bb4.27.4&#8243; _module_preset=\u00bbdefault\u00bb global_colors_info=\u00bb{}\u00bb][\/et_pb_image][et_pb_text _builder_version=\u00bb4.27.4&#8243; _module_preset=\u00bbd3e47a3d-8dd3-4c3e-b3ff-c7263f290dab\u00bb text_font_size=\u00bb16px\u00bb text_orientation=\u00bbcenter\u00bb locked=\u00bboff\u00bb global_colors_info=\u00bb{}\u00bb]<p style=\"text-align: justify;\">\u00bf Saben en qu\u00e9 lugar de Santiago estoy? Estaba mirando para el lado porque estaba pendiente que no vinieran mis queridos Carabineros y me pasaran un parte jajaja.<br \/>Ese lugar es el punto cero de Santiago de Chile, justo afuera del edificio historico de Correos de Chile y tambi\u00e9n a unos pasos del frontis de la Municipalidad de Santiago, y como quise retratar la elegancia del dise\u00f1o de este modelo y su respaldo historico me fui a ese sector donde la hermosa arquitectura se observa con detalles que te hacen so\u00f1ar y la historia de Chile se refleja en sus monumentos.<\/p>\n<p style=\"text-align: justify;\">Es imposible no sentir una corriente excitante cuando mantienes firme el manubrio de un BMW,\u00a0 Y la<strong>\u00a0X1 xDrive25e xLine, <\/strong>no es la excepci\u00f3n porque es la combinaci\u00f3n perfecta entre sofisticaci\u00f3n y esp\u00edritu aventurero, con tal grado de excelencia que nos entrega el placer de la conducci\u00f3n y a eso se le llama lujo, y se que les gusta.<\/p>\n<p style=\"text-align: justify;\">Este es un modelo SUV h\u00edbrido enchufable, eso significa que tiene dos motores, uno a combusti\u00f3n y otro el\u00e9ctrico,\u00a0 que alcanza una autonom\u00eda de m\u00e1s de 600 kms. \u00bf Qu\u00e9 les parece? A mi me hace sentir aliviada porque se que no debo parar mucho en la estaci\u00f3n de servicio.<\/p>\n<p style=\"text-align: justify;\">[\/et_pb_text][et_pb_image src=\u00bbhttps:\/\/www.claudiazila.com\/wp-content\/uploads\/2025\/02\/Sin-titulo-1280-x-1706-px-1.png\u00bb title_text=\u00bbSin ti\u0301tulo (1280 x 1706 px) (1)\u00bb _builder_version=\u00bb4.27.4&#8243; _module_preset=\u00bbdefault\u00bb global_colors_info=\u00bb{}\u00bb][\/et_pb_image][et_pb_text _builder_version=\u00bb4.27.4&#8243; _module_preset=\u00bbd3e47a3d-8dd3-4c3e-b3ff-c7263f290dab\u00bb text_font_size=\u00bb16px\u00bb text_orientation=\u00bbcenter\u00bb locked=\u00bboff\u00bb global_colors_info=\u00bb{}\u00bb]<p style=\"text-align: justify;\">Desde el primer encuentro, el <strong>BMW X1 xDrive25e xLine<\/strong> te deja claro su car\u00e1cter premium, sobre todo con esa parrilla doble que evoca a un felino cuando mira con esos faros led con tecnolog\u00eda adaptativa. Adem\u00e1s, su acabado xLine te hace notar los detalles en aluminio satinado que te invita a subirte sin miedo a manchar el auto.<\/p>\n<p style=\"text-align: justify;\">Asi que mientras conduc\u00eda por la Costanera a casa, me dije: Que bueno que conf\u00eden en uno, y le agradec\u00ed a Dios por la oportunidad, mientras probaba su sistema de audio Harman Kardon que me impresion\u00f3.<\/p>\n<p style=\"text-align: justify;\">El interior del X1 xDrive25e xLine es una oda a la comodidad y tecnolog\u00eda. Sus asientos deportivos en cuero, el techo panor\u00e1mico, para observar las estrellas y su pantalla \u00a1ay!&#8230; No se los mostrar\u00e9 para que ustedes se animen a ir a un concesionario, y sin miedo pedir una prueba para que cuando lo conozcan, me recuerden y esten de acuerdo conmigo que el <strong>BMW X1 xDrive25e xLine<\/strong> es la elecci\u00f3n perfecta para quien busca un veh\u00edculo comodo, elegante y eficiente, sin olvidar la\u00a0 emoci\u00f3n de la aventura y los recuerdos de infancia.<br \/>Y este es el inicio de mis aventuras con BMW, espero verlos pronto por mis redes para contarles m\u00e1s y que me hagan llegar sus comentarios.<br \/>Los sue\u00f1os s\u00ed se cumplen, con convicci\u00f3n y constancia.<\/p>\n<p style=\"text-align: justify;\"><span>\u00a1Auf Wiedersehen!<\/span><\/p>\n<p style=\"text-align: justify;\">\n<p>&nbsp;<\/p>[\/et_pb_text][\/et_pb_column][\/et_pb_row][\/et_pb_section][et_pb_section fb_built=\u00bb1&#8243; _builder_version=\u00bb4.27.4&#8243; _module_preset=\u00bbdefault\u00bb background_color=\u00bb#3c280c\u00bb custom_padding=\u00bb2px||1px|||\u00bb global_colors_info=\u00bb{}\u00bb][et_pb_row _builder_version=\u00bb4.27.4&#8243; _module_preset=\u00bbdefault\u00bb global_colors_info=\u00bb{}\u00bb][et_pb_column type=\u00bb4_4&#8243; _builder_version=\u00bb4.27.4&#8243; _module_preset=\u00bbdefault\u00bb global_colors_info=\u00bb{}\u00bb][et_pb_social_media_follow icon_color=\u00bb#FFFFFF\u00bb use_icon_font_size=\u00bbon\u00bb icon_font_size=\u00bb35px\u00bb _builder_version=\u00bb4.27.4&#8243; _module_preset=\u00bbdefault\u00bb text_orientation=\u00bbcenter\u00bb custom_margin=\u00bb-26px|||||\u00bb custom_padding=\u00bb28px|||||\u00bb text_orientation_tablet=\u00bbleft\u00bb text_orientation_last_edited=\u00bboff|desktop\u00bb border_radii=\u00bbon|100px|100px|100px|100px\u00bb border_width_all=\u00bb2px\u00bb border_color_all=\u00bb#FFFFFF\u00bb locked=\u00bboff\u00bb global_colors_info=\u00bb{}\u00bb][et_pb_social_media_follow_network social_network=\u00bbinstagram\u00bb url=\u00bbhttp:\/\/WWW.INSTAGRAM.COM\/CLAUDIAZILA\u00bb _builder_version=\u00bb4.27.4&#8243; _module_preset=\u00bbdefault\u00bb custom_padding=\u00bb4px|4px|4px|4px|true|true\u00bb global_colors_info=\u00bb{}\u00bb follow_button=\u00bboff\u00bb url_new_window=\u00bbon\u00bb]instagram[\/et_pb_social_media_follow_network][\/et_pb_social_media_follow][\/et_pb_column][\/et_pb_row][\/et_pb_section]\n","protected":false},"excerpt":{"rendered":"<p>\u00abA mi me hicieron en un auto, nac\u00ed en un auto y crec\u00ed con autos.\u00bbPodr\u00eda comenzar este viaje, cont\u00e1ndoles de las caracteristicas del nuevo BMW X1 XDRIVE25E XLINE pero no lo har\u00e9. Lo que quiero es que sientan a trav\u00e9s de estas palabras la sensaci\u00f3n que es conducir este SUV. Ese d\u00eda estaba emocionada, porque [&hellip;]<\/p>\n","protected":false},"author":1,"featured_media":421,"parent":0,"menu_order":0,"comment_status":"closed","ping_status":"closed","template":"","meta":{"_et_pb_use_builder":"on","_et_pb_old_content":"","_et_gb_content_width":"","cybocfi_hide_featured_image":"","footnotes":""},"class_list":["post-412","page","type-page","status-publish","has-post-thumbnail","hentry"],"yoast_head":"<!-- This site is optimized with the Yoast SEO plugin v26.6 - https:\/\/yoast.com\/wordpress\/plugins\/seo\/ -->\n<title>UNA VIDA CON BMW - Claudia Zila<\/title>\n<meta name=\"robots\" content=\"index, follow, max-snippet:-1, max-image-preview:large, max-video-preview:-1\" \/>\n<link rel=\"canonical\" href=\"https:\/\/www.claudiazila.com\/index.php\/una-vida-con-bmw\/\" \/>\n<meta property=\"og:locale\" content=\"es_ES\" \/>\n<meta property=\"og:type\" content=\"article\" \/>\n<meta property=\"og:title\" content=\"UNA VIDA CON BMW - Claudia Zila\" \/>\n<meta property=\"og:description\" content=\"&quot;A mi me hicieron en un auto, nac\u00ed en un auto y crec\u00ed con autos.&quot;Podr\u00eda comenzar este viaje, cont\u00e1ndoles de las caracteristicas del nuevo BMW X1 XDRIVE25E XLINE pero no lo har\u00e9. Lo que quiero es que sientan a trav\u00e9s de estas palabras la sensaci\u00f3n que es conducir este SUV. Ese d\u00eda estaba emocionada, porque [&hellip;]\" \/>\n<meta property=\"og:url\" content=\"https:\/\/www.claudiazila.com\/index.php\/una-vida-con-bmw\/\" \/>\n<meta property=\"og:site_name\" content=\"Claudia Zila\" \/>\n<meta property=\"article:modified_time\" content=\"2025-03-05T15:54:14+00:00\" \/>\n<meta property=\"og:image\" content=\"https:\/\/www.claudiazila.com\/wp-content\/uploads\/2025\/02\/1738022439082.jpeg\" \/>\n\t<meta property=\"og:image:width\" content=\"1280\" \/>\n\t<meta property=\"og:image:height\" content=\"1706\" \/>\n\t<meta property=\"og:image:type\" content=\"image\/jpeg\" \/>\n<meta name=\"twitter:card\" content=\"summary_large_image\" \/>\n<meta name=\"twitter:label1\" content=\"Tiempo de lectura\" \/>\n\t<meta name=\"twitter:data1\" content=\"4 minutos\" \/>\n<script type=\"application\/ld+json\" class=\"yoast-schema-graph\">{\"@context\":\"https:\/\/schema.org\",\"@graph\":[{\"@type\":\"WebPage\",\"@id\":\"https:\/\/www.claudiazila.com\/index.php\/una-vida-con-bmw\/\",\"url\":\"https:\/\/www.claudiazila.com\/index.php\/una-vida-con-bmw\/\",\"name\":\"UNA VIDA CON BMW - Claudia Zila\",\"isPartOf\":{\"@id\":\"https:\/\/www.claudiazila.com\/#website\"},\"primaryImageOfPage\":{\"@id\":\"https:\/\/www.claudiazila.com\/index.php\/una-vida-con-bmw\/#primaryimage\"},\"image\":{\"@id\":\"https:\/\/www.claudiazila.com\/index.php\/una-vida-con-bmw\/#primaryimage\"},\"thumbnailUrl\":\"https:\/\/www.claudiazila.com\/wp-content\/uploads\/2025\/02\/1738022439082.jpeg\",\"datePublished\":\"2025-02-11T03:58:54+00:00\",\"dateModified\":\"2025-03-05T15:54:14+00:00\",\"breadcrumb\":{\"@id\":\"https:\/\/www.claudiazila.com\/index.php\/una-vida-con-bmw\/#breadcrumb\"},\"inLanguage\":\"es\",\"potentialAction\":[{\"@type\":\"ReadAction\",\"target\":[\"https:\/\/www.claudiazila.com\/index.php\/una-vida-con-bmw\/\"]}]},{\"@type\":\"ImageObject\",\"inLanguage\":\"es\",\"@id\":\"https:\/\/www.claudiazila.com\/index.php\/una-vida-con-bmw\/#primaryimage\",\"url\":\"https:\/\/www.claudiazila.com\/wp-content\/uploads\/2025\/02\/1738022439082.jpeg\",\"contentUrl\":\"https:\/\/www.claudiazila.com\/wp-content\/uploads\/2025\/02\/1738022439082.jpeg\",\"width\":1280,\"height\":1706},{\"@type\":\"BreadcrumbList\",\"@id\":\"https:\/\/www.claudiazila.com\/index.php\/una-vida-con-bmw\/#breadcrumb\",\"itemListElement\":[{\"@type\":\"ListItem\",\"position\":1,\"name\":\"Portada\",\"item\":\"https:\/\/www.claudiazila.com\/\"},{\"@type\":\"ListItem\",\"position\":2,\"name\":\"UNA VIDA CON BMW\"}]},{\"@type\":\"WebSite\",\"@id\":\"https:\/\/www.claudiazila.com\/#website\",\"url\":\"https:\/\/www.claudiazila.com\/\",\"name\":\"Claudia Zila\",\"description\":\"Claudia Zila\",\"publisher\":{\"@id\":\"https:\/\/www.claudiazila.com\/#\/schema\/person\/81aaac917ad66e2c2428382dc268be34\"},\"potentialAction\":[{\"@type\":\"SearchAction\",\"target\":{\"@type\":\"EntryPoint\",\"urlTemplate\":\"https:\/\/www.claudiazila.com\/?s={search_term_string}\"},\"query-input\":{\"@type\":\"PropertyValueSpecification\",\"valueRequired\":true,\"valueName\":\"search_term_string\"}}],\"inLanguage\":\"es\"},{\"@type\":[\"Person\",\"Organization\"],\"@id\":\"https:\/\/www.claudiazila.com\/#\/schema\/person\/81aaac917ad66e2c2428382dc268be34\",\"name\":\"clau_adm\",\"image\":{\"@type\":\"ImageObject\",\"inLanguage\":\"es\",\"@id\":\"https:\/\/www.claudiazila.com\/#\/schema\/person\/image\/\",\"url\":\"https:\/\/www.claudiazila.com\/wp-content\/uploads\/2025\/01\/cropped-IMG_7264.jpg\",\"contentUrl\":\"https:\/\/www.claudiazila.com\/wp-content\/uploads\/2025\/01\/cropped-IMG_7264.jpg\",\"width\":512,\"height\":512,\"caption\":\"clau_adm\"},\"logo\":{\"@id\":\"https:\/\/www.claudiazila.com\/#\/schema\/person\/image\/\"},\"sameAs\":[\"https:\/\/www.claudiazila.com\"]}]}<\/script>\n<!-- \/ Yoast SEO plugin. -->","yoast_head_json":{"title":"UNA VIDA CON BMW - Claudia Zila","robots":{"index":"index","follow":"follow","max-snippet":"max-snippet:-1","max-image-preview":"max-image-preview:large","max-video-preview":"max-video-preview:-1"},"canonical":"https:\/\/www.claudiazila.com\/index.php\/una-vida-con-bmw\/","og_locale":"es_ES","og_type":"article","og_title":"UNA VIDA CON BMW - Claudia Zila","og_description":"\"A mi me hicieron en un auto, nac\u00ed en un auto y crec\u00ed con autos.\"Podr\u00eda comenzar este viaje, cont\u00e1ndoles de las caracteristicas del nuevo BMW X1 XDRIVE25E XLINE pero no lo har\u00e9. Lo que quiero es que sientan a trav\u00e9s de estas palabras la sensaci\u00f3n que es conducir este SUV. Ese d\u00eda estaba emocionada, porque [&hellip;]","og_url":"https:\/\/www.claudiazila.com\/index.php\/una-vida-con-bmw\/","og_site_name":"Claudia Zila","article_modified_time":"2025-03-05T15:54:14+00:00","og_image":[{"width":1280,"height":1706,"url":"https:\/\/www.claudiazila.com\/wp-content\/uploads\/2025\/02\/1738022439082.jpeg","type":"image\/jpeg"}],"twitter_card":"summary_large_image","twitter_misc":{"Tiempo de lectura":"4 minutos"},"schema":{"@context":"https:\/\/schema.org","@graph":[{"@type":"WebPage","@id":"https:\/\/www.claudiazila.com\/index.php\/una-vida-con-bmw\/","url":"https:\/\/www.claudiazila.com\/index.php\/una-vida-con-bmw\/","name":"UNA VIDA CON BMW - Claudia Zila","isPartOf":{"@id":"https:\/\/www.claudiazila.com\/#website"},"primaryImageOfPage":{"@id":"https:\/\/www.claudiazila.com\/index.php\/una-vida-con-bmw\/#primaryimage"},"image":{"@id":"https:\/\/www.claudiazila.com\/index.php\/una-vida-con-bmw\/#primaryimage"},"thumbnailUrl":"https:\/\/www.claudiazila.com\/wp-content\/uploads\/2025\/02\/1738022439082.jpeg","datePublished":"2025-02-11T03:58:54+00:00","dateModified":"2025-03-05T15:54:14+00:00","breadcrumb":{"@id":"https:\/\/www.claudiazila.com\/index.php\/una-vida-con-bmw\/#breadcrumb"},"inLanguage":"es","potentialAction":[{"@type":"ReadAction","target":["https:\/\/www.claudiazila.com\/index.php\/una-vida-con-bmw\/"]}]},{"@type":"ImageObject","inLanguage":"es","@id":"https:\/\/www.claudiazila.com\/index.php\/una-vida-con-bmw\/#primaryimage","url":"https:\/\/www.claudiazila.com\/wp-content\/uploads\/2025\/02\/1738022439082.jpeg","contentUrl":"https:\/\/www.claudiazila.com\/wp-content\/uploads\/2025\/02\/1738022439082.jpeg","width":1280,"height":1706},{"@type":"BreadcrumbList","@id":"https:\/\/www.claudiazila.com\/index.php\/una-vida-con-bmw\/#breadcrumb","itemListElement":[{"@type":"ListItem","position":1,"name":"Portada","item":"https:\/\/www.claudiazila.com\/"},{"@type":"ListItem","position":2,"name":"UNA VIDA CON BMW"}]},{"@type":"WebSite","@id":"https:\/\/www.claudiazila.com\/#website","url":"https:\/\/www.claudiazila.com\/","name":"Claudia Zila","description":"Claudia Zila","publisher":{"@id":"https:\/\/www.claudiazila.com\/#\/schema\/person\/81aaac917ad66e2c2428382dc268be34"},"potentialAction":[{"@type":"SearchAction","target":{"@type":"EntryPoint","urlTemplate":"https:\/\/www.claudiazila.com\/?s={search_term_string}"},"query-input":{"@type":"PropertyValueSpecification","valueRequired":true,"valueName":"search_term_string"}}],"inLanguage":"es"},{"@type":["Person","Organization"],"@id":"https:\/\/www.claudiazila.com\/#\/schema\/person\/81aaac917ad66e2c2428382dc268be34","name":"clau_adm","image":{"@type":"ImageObject","inLanguage":"es","@id":"https:\/\/www.claudiazila.com\/#\/schema\/person\/image\/","url":"https:\/\/www.claudiazila.com\/wp-content\/uploads\/2025\/01\/cropped-IMG_7264.jpg","contentUrl":"https:\/\/www.claudiazila.com\/wp-content\/uploads\/2025\/01\/cropped-IMG_7264.jpg","width":512,"height":512,"caption":"clau_adm"},"logo":{"@id":"https:\/\/www.claudiazila.com\/#\/schema\/person\/image\/"},"sameAs":["https:\/\/www.claudiazila.com"]}]}},"_links":{"self":[{"href":"https:\/\/www.claudiazila.com\/index.php\/wp-json\/wp\/v2\/pages\/412","targetHints":{"allow":["GET"]}}],"collection":[{"href":"https:\/\/www.claudiazila.com\/index.php\/wp-json\/wp\/v2\/pages"}],"about":[{"href":"https:\/\/www.claudiazila.com\/index.php\/wp-json\/wp\/v2\/types\/page"}],"author":[{"embeddable":true,"href":"https:\/\/www.claudiazila.com\/index.php\/wp-json\/wp\/v2\/users\/1"}],"replies":[{"embeddable":true,"href":"https:\/\/www.claudiazila.com\/index.php\/wp-json\/wp\/v2\/comments?post=412"}],"version-history":[{"count":8,"href":"https:\/\/www.claudiazila.com\/index.php\/wp-json\/wp\/v2\/pages\/412\/revisions"}],"predecessor-version":[{"id":773,"href":"https:\/\/www.claudiazila.com\/index.php\/wp-json\/wp\/v2\/pages\/412\/revisions\/773"}],"wp:featuredmedia":[{"embeddable":true,"href":"https:\/\/www.claudiazila.com\/index.php\/wp-json\/wp\/v2\/media\/421"}],"wp:attachment":[{"href":"https:\/\/www.claudiazila.com\/index.php\/wp-json\/wp\/v2\/media?parent=412"}],"curies":[{"name":"wp","href":"https:\/\/api.w.org\/{rel}","templated":true}]}}